{"id":325,"date":"2018-11-06T16:42:03","date_gmt":"2018-11-06T15:42:03","guid":{"rendered":"https:\/\/sks-badbibra.blk.de\/?page_id=325"},"modified":"2018-12-10T17:39:54","modified_gmt":"2018-12-10T16:39:54","slug":"sozialarbeit","status":"publish","type":"page","link":"https:\/\/sks-badbibra.blk.de\/?page_id=325","title":{"rendered":"Sozialarbeit"},"content":{"rendered":"<h3 class=\"widget-title title-block-wrap clearfix\"><span class=\"block-title\"><span class=\"block-title\">Schulsozialarbeit<\/span><\/span><\/h3>\n<p>Du hast Stress zu Hause oder in der Schule, dir fehlt die Motivation, \u00fcberhaupt erst zur Schule zu gehen? Du hast pers\u00f6nliche Probleme und wei\u00dft nicht, an wen du dich wenden kannst? Der \u00c4rger mit Mitsch\u00fclerInnen belastet dich? Du hast Fragen beim Stellen von Antr\u00e4gen oder zu Amtsterminen? Kein Problem! Hierf\u00fcr gibt es die Schulsozialarbeit- ein freiwilliges, kostenloses und vertrauliches Angebot zur Beratung und Unterst\u00fctzung.<\/p>\n<p><strong>Madeleine Hoppe<\/strong> ist die Sozialarbeiterin an der Sekundarschule Bad Bibra und dein Ansprechpartner!<\/p>\n<p>Ihr B\u00fcro findest du im Haus II (Raum 4).<\/p>\n<p><strong>Projekt- und Arbeitsschwerpunkte:<\/strong><\/p>\n<ul>\n<li>Einzelfallarbeit<\/li>\n<li>Bewerbertraining<\/li>\n<li>Elternarbeit<\/li>\n<li>Gewaltpr\u00e4vention<\/li>\n<li>Gesunde Ern\u00e4hrung<\/li>\n<li>M\u00e4dchentreff<\/li>\n<li>Vermittlung von Beratungsstellen<\/li>\n<li>Methodentraining<\/li>\n<li>Alkoholpr\u00e4vention<\/li>\n<li>Arbeitsgemeinschaften (Koch-AG&#8230;)<\/li>\n<\/ul>\n<p><strong>Partner:<\/strong><\/p>\n<ul>\n<li>Netzwerkstelle &#8222;Schulerfolg sichern&#8220;<\/li>\n<li>Jugendamt\/Jugendgerichtshilfe<\/li>\n<li>Beratungslehrkraft<\/li>\n<li>Agentur f\u00fcr Arbeit<\/li>\n<li>Familienberatungsstellen<\/li>\n<li>Therapeuten<\/li>\n<li>Ambulante Einrichtungen\/die Jugendhilfe<\/li>\n<li>Ordnungsamt<\/li>\n<li>Schulpsychologen<\/li>\n<li>Jugendzentrum &#8222;Ritz&#8220; in Bad Bibra<\/li>\n<\/ul>\n","protected":false},"excerpt":{"rendered":"<p>Schulsozialarbeit Du hast Stress zu Hause oder in der Schule, dir fehlt die Motivation, \u00fcberhaupt erst zur Schule zu gehen? Du hast pers\u00f6nliche Probleme<\/p>\n","protected":false},"author":1,"featured_media":0,"parent":0,"menu_order":0,"comment_status":"closed","ping_status":"closed","template":"","meta":{"footnotes":""},"class_list":["post-325","page","type-page","status-publish","hentry"],"_links":{"self":[{"href":"https:\/\/sks-badbibra.blk.de\/index.php?rest_route=\/wp\/v2\/pages\/325","targetHints":{"allow":["GET"]}}],"collection":[{"href":"https:\/\/sks-badbibra.blk.de\/index.php?rest_route=\/wp\/v2\/pages"}],"about":[{"href":"https:\/\/sks-badbibra.blk.de\/index.php?rest_route=\/wp\/v2\/types\/page"}],"author":[{"embeddable":true,"href":"https:\/\/sks-badbibra.blk.de\/index.php?rest_route=\/wp\/v2\/users\/1"}],"replies":[{"embeddable":true,"href":"https:\/\/sks-badbibra.blk.de\/index.php?rest_route=%2Fwp%2Fv2%2Fcomments&post=325"}],"version-history":[{"count":6,"href":"https:\/\/sks-badbibra.blk.de\/index.php?rest_route=\/wp\/v2\/pages\/325\/revisions"}],"predecessor-version":[{"id":592,"href":"https:\/\/sks-badbibra.blk.de\/index.php?rest_route=\/wp\/v2\/pages\/325\/revisions\/592"}],"wp:attachment":[{"href":"https:\/\/sks-badbibra.blk.de\/index.php?rest_route=%2Fwp%2Fv2%2Fmedia&parent=325"}],"curies":[{"name":"wp","href":"https:\/\/api.w.org\/{rel}","templated":true}]}}