{"id":350,"date":"2018-11-06T17:01:13","date_gmt":"2018-11-06T16:01:13","guid":{"rendered":"https:\/\/sks-badbibra.blk.de\/?page_id=350"},"modified":"2024-02-19T09:24:30","modified_gmt":"2024-02-19T08:24:30","slug":"schliessfaecher","status":"publish","type":"page","link":"https:\/\/sks-badbibra.blk.de\/?page_id=350","title":{"rendered":"Schlie\u00dff\u00e4cher"},"content":{"rendered":"<h3 class=\"widget-title title-block-wrap clearfix\"><span class=\"block-title\"><span class=\"block-title\">Schlie\u00dff\u00e4cher<\/span><\/span><\/h3>\n<p><strong>An unserer Schule stehen Mietra-Schlie\u00dff\u00e4cher f\u00fcr Sie bereit. <\/strong><\/p>\n<p>&nbsp;<\/p>\n<p>Schulsachen wie Sportbekleidung, Zeichenmaterialien und Schulb\u00fccher sowie pers\u00f6nliche Wertgegenst\u00e4nde k\u00f6nnen in einem Schlie\u00dffach <strong>sicher<\/strong> verstaut werden. Der R\u00fccken wird <strong>entlastetet<\/strong> und die Sch\u00fcler k\u00f6nnen sich deutlich <strong>unbeschwerter im Schulhaus<\/strong> bewegen.<\/p>\n<p>&nbsp;<\/p>\n<p>Melden Sie Ihr Schlie\u00dffach direkt unter <a href=\"http:\/\/www.mietra.de\/mieten\">www.mietra.de<\/a> an. Nach erfolgreicher Anmeldung werden Ihnen die Zugangsdaten per E-Mail zugeschickt und Sie k\u00f6nnen im Anschluss Ihr Schlie\u00dffach nutzen.<\/p>\n<p>&nbsp;<\/p>\n<p>Hier geht\u2019s zur <a href=\"https:\/\/serviceportal.schliessfaecher.de\/schliessfach-mieten?School=900066\">Schlie\u00dffach-Anmeldung<\/a><\/p>\n<p>&nbsp;<\/p>\n<p>&nbsp;<\/p>\n<style type=\"text\/css\">\n\t#foogallery-gallery-475 .fg-image {\n        width: 225px;\n    }\n<\/style>\n\t\t\t\t<div class=\"foogallery foogallery-container foogallery-default foogallery-lightbox-foobox fg-gutter-15 fg-left fg-default fg-light fg-border-thin fg-shadow-outline fg-loading-dots fg-loaded-fade-in fg-hover-fade fg-hover-zoom fg-ready\" id=\"foogallery-gallery-475\" data-foogallery=\"{&quot;item&quot;:{&quot;showCaptionTitle&quot;:false,&quot;showCaptionDescription&quot;:false},&quot;lazy&quot;:true}\" >\n\t<div class=\"fg-item fg-type-image fg-idle\"><figure class=\"fg-item-inner\"><a href=\"https:\/\/sks-badbibra.blk.de\/wp-content\/uploads\/2018\/11\/Schlie\u00dff\u00e4cher-ohne-Sch\u00fcler.jpg\" data-attachment-id=\"436\" data-type=\"image\" class=\"fg-thumb\"><span class=\"fg-image-wrap\"><img fetchpriority=\"high\" decoding=\"async\" width=\"225\" height=\"225\" class=\"skip-lazy fg-image\" data-src-fg=\"https:\/\/sks-badbibra.blk.de\/wp-content\/uploads\/cache\/2018\/11\/Schlie\u00dff\u00e4cher-ohne-Sch\u00fcler\/988377501.jpg\" src=\"data:image\/svg+xml,%3Csvg%20xmlns%3D%22http%3A%2F%2Fwww.w3.org%2F2000%2Fsvg%22%20width%3D%22225%22%20height%3D%22225%22%20viewBox%3D%220%200%20225%20225%22%3E%3C%2Fsvg%3E\" loading=\"eager\"><\/span><span class=\"fg-image-overlay\"><\/span><\/a><figcaption class=\"fg-caption\"><div class=\"fg-caption-inner\"><\/div><\/figcaption><\/figure><div class=\"fg-loader\"><\/div><\/div><div class=\"fg-item fg-type-image fg-idle\"><figure class=\"fg-item-inner\"><a href=\"https:\/\/sks-badbibra.blk.de\/wp-content\/uploads\/2018\/11\/Foto-Schlie\u00dffach.jpg\" data-attachment-id=\"434\" data-type=\"image\" class=\"fg-thumb\"><span class=\"fg-image-wrap\"><img decoding=\"async\" width=\"225\" height=\"225\" class=\"skip-lazy fg-image\" data-src-fg=\"https:\/\/sks-badbibra.blk.de\/wp-content\/uploads\/cache\/2018\/11\/Foto-Schlie\u00dffach\/3710922469.jpg\" src=\"data:image\/svg+xml,%3Csvg%20xmlns%3D%22http%3A%2F%2Fwww.w3.org%2F2000%2Fsvg%22%20width%3D%22225%22%20height%3D%22225%22%20viewBox%3D%220%200%20225%20225%22%3E%3C%2Fsvg%3E\" loading=\"eager\"><\/span><span class=\"fg-image-overlay\"><\/span><\/a><figcaption class=\"fg-caption\"><div class=\"fg-caption-inner\"><\/div><\/figcaption><\/figure><div class=\"fg-loader\"><\/div><\/div><div class=\"fg-item fg-type-image fg-idle\"><figure class=\"fg-item-inner\"><a href=\"https:\/\/sks-badbibra.blk.de\/wp-content\/uploads\/2018\/11\/Foto-Schlie\u00dffach-2-e1543130188755.jpg\" data-attachment-id=\"433\" data-type=\"image\" class=\"fg-thumb\"><span class=\"fg-image-wrap\"><img decoding=\"async\" width=\"225\" height=\"225\" class=\"skip-lazy fg-image\" data-src-fg=\"https:\/\/sks-badbibra.blk.de\/wp-content\/uploads\/cache\/2018\/11\/Foto-Schlie\u00dffach-2-e1543130188755\/1319544536.jpg\" src=\"data:image\/svg+xml,%3Csvg%20xmlns%3D%22http%3A%2F%2Fwww.w3.org%2F2000%2Fsvg%22%20width%3D%22225%22%20height%3D%22225%22%20viewBox%3D%220%200%20225%20225%22%3E%3C%2Fsvg%3E\" loading=\"eager\"><\/span><span class=\"fg-image-overlay\"><\/span><\/a><figcaption class=\"fg-caption\"><div class=\"fg-caption-inner\"><\/div><\/figcaption><\/figure><div class=\"fg-loader\"><\/div><\/div><\/div>\n\n","protected":false},"excerpt":{"rendered":"<p>Schlie\u00dff\u00e4cher An unserer Schule stehen Mietra-Schlie\u00dff\u00e4cher f\u00fcr Sie bereit. &nbsp; Schulsachen wie Sportbekleidung, Zeichenmaterialien und Schulb\u00fccher sowie pers\u00f6nliche Wertgegenst\u00e4nde k\u00f6nnen in einem Schlie\u00dffach sicher<\/p>\n","protected":false},"author":1,"featured_media":0,"parent":0,"menu_order":0,"comment_status":"closed","ping_status":"closed","template":"","meta":{"footnotes":""},"class_list":["post-350","page","type-page","status-publish","hentry"],"_links":{"self":[{"href":"https:\/\/sks-badbibra.blk.de\/index.php?rest_route=\/wp\/v2\/pages\/350","targetHints":{"allow":["GET"]}}],"collection":[{"href":"https:\/\/sks-badbibra.blk.de\/index.php?rest_route=\/wp\/v2\/pages"}],"about":[{"href":"https:\/\/sks-badbibra.blk.de\/index.php?rest_route=\/wp\/v2\/types\/page"}],"author":[{"embeddable":true,"href":"https:\/\/sks-badbibra.blk.de\/index.php?rest_route=\/wp\/v2\/users\/1"}],"replies":[{"embeddable":true,"href":"https:\/\/sks-badbibra.blk.de\/index.php?rest_route=%2Fwp%2Fv2%2Fcomments&post=350"}],"version-history":[{"count":12,"href":"https:\/\/sks-badbibra.blk.de\/index.php?rest_route=\/wp\/v2\/pages\/350\/revisions"}],"predecessor-version":[{"id":1424,"href":"https:\/\/sks-badbibra.blk.de\/index.php?rest_route=\/wp\/v2\/pages\/350\/revisions\/1424"}],"wp:attachment":[{"href":"https:\/\/sks-badbibra.blk.de\/index.php?rest_route=%2Fwp%2Fv2%2Fmedia&parent=350"}],"curies":[{"name":"wp","href":"https:\/\/api.w.org\/{rel}","templated":true}]}}