{"id":87,"date":"2018-06-08T12:52:29","date_gmt":"2018-06-08T10:52:29","guid":{"rendered":"https:\/\/nmb-sek-schweizer.blk.de\/?page_id=87"},"modified":"2026-03-06T10:11:24","modified_gmt":"2026-03-06T09:11:24","slug":"team-der-schule","status":"publish","type":"page","link":"https:\/\/sks-badbibra.blk.de\/?page_id=87","title":{"rendered":"Team der Schule"},"content":{"rendered":"<h3 class=\"widget-title title-block-wrap clearfix\"><span class=\"block-title\"><span class=\"block-title\">Team der Schule<\/span><\/span><\/h3>\n<div class=\"section group\">\n<div class=\"col span_1_of_3\">\n<p><img loading=\"lazy\" decoding=\"async\" class=\"alignnone wp-image-537 polaroid\" src=\"http:\/\/sks-badbibra.blk.de\/wp-content\/uploads\/2018\/11\/IMG_2830-300x225.jpg\" alt=\"\" width=\"329\" height=\"247\" srcset=\"https:\/\/sks-badbibra.blk.de\/wp-content\/uploads\/2018\/11\/IMG_2830-300x225.jpg 300w, https:\/\/sks-badbibra.blk.de\/wp-content\/uploads\/2018\/11\/IMG_2830-768x576.jpg 768w, https:\/\/sks-badbibra.blk.de\/wp-content\/uploads\/2018\/11\/IMG_2830-1024x768.jpg 1024w, https:\/\/sks-badbibra.blk.de\/wp-content\/uploads\/2018\/11\/IMG_2830-500x375.jpg 500w, https:\/\/sks-badbibra.blk.de\/wp-content\/uploads\/2018\/11\/IMG_2830.jpg 2016w\" sizes=\"auto, (max-width: 329px) 100vw, 329px\" \/><\/p>\n<p>Schulleiterin ist seit 2017 <strong>Wilma Apitz<\/strong>. Sie unterrichtet die F\u00e4cher Englisch und Sozialkunde. Frau Apitz arbeitet seit 1988 an der Sekundarschule Bad Bibra.<\/p>\n<\/div>\n<\/div>\n<p>&nbsp;<\/p>\n<div class=\"section group\">\n<div class=\"col span_1_of_3\">\n<p><img loading=\"lazy\" decoding=\"async\" class=\"wp-image-534 alignnone polaroid\" src=\"http:\/\/sks-badbibra.blk.de\/wp-content\/uploads\/2018\/11\/IMG_2856-300x225.jpg\" alt=\"\" width=\"328\" height=\"246\" srcset=\"https:\/\/sks-badbibra.blk.de\/wp-content\/uploads\/2018\/11\/IMG_2856-300x225.jpg 300w, https:\/\/sks-badbibra.blk.de\/wp-content\/uploads\/2018\/11\/IMG_2856-768x576.jpg 768w, https:\/\/sks-badbibra.blk.de\/wp-content\/uploads\/2018\/11\/IMG_2856-1024x768.jpg 1024w, https:\/\/sks-badbibra.blk.de\/wp-content\/uploads\/2018\/11\/IMG_2856-500x375.jpg 500w, https:\/\/sks-badbibra.blk.de\/wp-content\/uploads\/2018\/11\/IMG_2856.jpg 2016w\" sizes=\"auto, (max-width: 328px) 100vw, 328px\" \/><\/p>\n<p>Das Sekretariat leitet seit 1991<strong> Kerstin Ebbers<\/strong>.<\/p>\n<\/div>\n<\/div>\n<div style=\"margin-top: 15px; margin-bottom: 15px;\">\n<p><strong>An unserer Schule arbeiten 20 engagierte Lehrerinnen und Lehrer. Zus\u00e4tzlich zur Vermittlung fachspezifischer Inhalte liegt ihnen die Erziehung der Sch\u00fclerinnen und Sch\u00fcler zu verantwortungsbewussten Pers\u00f6nlichkeiten am Herzen. Tagt\u00e4glich stellen sich die KollegInnen dieser gro\u00dfen Herausforderung.<\/strong><\/p>\n<table>\n<tbody>\n<tr>\n<td width=\"205\"><\/td>\n<td width=\"205\"><\/td>\n<td width=\"205\"><\/td>\n<\/tr>\n<tr>\n<td width=\"205\"><strong>Name, Vorname<\/strong><\/td>\n<td width=\"205\"><strong>Funktionen<\/strong><\/td>\n<td width=\"205\"><strong>F\u00e4cher<\/strong><\/td>\n<\/tr>\n<tr>\n<td width=\"205\">Ackermann, C.<\/td>\n<td width=\"205\">Leitung Fachschaft Englisch<\/td>\n<td width=\"205\">Englisch<\/td>\n<\/tr>\n<tr>\n<td width=\"205\">Apitz, W.<\/td>\n<td width=\"205\">Schulleiterin<\/td>\n<td width=\"205\">Englisch, Sozialkunde<\/td>\n<\/tr>\n<tr>\n<td width=\"205\"><\/td>\n<td width=\"205\"><\/td>\n<td width=\"205\"><\/td>\n<\/tr>\n<tr>\n<td width=\"205\">Bauch, K.<\/td>\n<td width=\"205\">Leitung Fachschaft Biologie, Leitung Fachschaft Chemie<\/td>\n<td width=\"205\">Biologie, Chemie<\/td>\n<\/tr>\n<tr>\n<td width=\"205\">Fabian, R.<\/td>\n<td width=\"205\"><\/td>\n<td width=\"205\">Englisch<\/td>\n<\/tr>\n<tr>\n<td width=\"205\">Hopf-Sardelis, K.<\/td>\n<td width=\"205\">Leitung Fachschaft Kunst, Leitung Fachschaft Geschichte<\/td>\n<td width=\"205\">Kunst, Geschichte<\/td>\n<\/tr>\n<tr>\n<td width=\"205\">Kahmann, B.<\/td>\n<td width=\"205\"><\/td>\n<td width=\"205\">Mathematik, Chemie, Hauswirtschaft<\/td>\n<\/tr>\n<tr>\n<td width=\"205\">Kaufmann, K.<\/td>\n<td width=\"205\">Leitung Fachschaft Ethik<\/td>\n<td width=\"205\">Ethik, Geschichte<\/td>\n<\/tr>\n<tr>\n<td width=\"205\">Pieper, S.<\/td>\n<td width=\"205\">Leitung Fachschaft Deutsch<\/td>\n<td width=\"205\">Deutsch<\/td>\n<\/tr>\n<tr>\n<td width=\"205\">Raap<\/td>\n<td width=\"205\"><\/td>\n<td width=\"205\">Deutsch, Sozialkunde<\/td>\n<\/tr>\n<tr>\n<td width=\"205\">Reichardt, P.<\/td>\n<td width=\"205\">Leitung Fachschaft Mathematik<\/td>\n<td width=\"205\">Mathematik, Physik, Sport<\/td>\n<\/tr>\n<tr>\n<td width=\"205\">Richter, C.<\/td>\n<td width=\"205\">Leitung Fachschaft Musik<\/td>\n<td width=\"205\">Deutsch, Musik<\/td>\n<\/tr>\n<tr>\n<td width=\"205\">Rudolph, M.<\/td>\n<td width=\"205\">\u00a0Verantwortliche f\u00fcr die Kennenlerntage 5. Klassen<\/td>\n<td width=\"205\">Mathematik, Physik<\/td>\n<\/tr>\n<tr>\n<td width=\"205\">Schneider, S.<\/td>\n<td width=\"205\"><\/td>\n<td width=\"205\">Geographie<\/td>\n<\/tr>\n<tr>\n<td width=\"205\">Sch\u00f6nerstedt, B.<\/td>\n<td width=\"205\">Leitung Fachschaft Sport, Lehrerin des Vertrauens<\/td>\n<td width=\"205\">Sport, Ethik, Biologie<\/td>\n<\/tr>\n<tr>\n<td width=\"205\">Schreiter, E.<\/td>\n<td width=\"205\"><\/td>\n<td width=\"205\">Deutsch, Ethik<\/td>\n<\/tr>\n<tr>\n<td width=\"205\">Schr\u00f6der, J.<\/td>\n<td width=\"205\">Leitung Fachschaft Wirtschaft, Leitung Fachschaft Hauswirtschaft<\/td>\n<td width=\"205\">Wirtschaft, Hauswirtschaft<\/td>\n<\/tr>\n<tr>\n<td width=\"205\">Stichling, C.<\/td>\n<td width=\"205\">\u00a0Leitung Fachschaft Astronomie<\/td>\n<td width=\"205\">Astronomie, Technik, Geographie, Mathematik, Physik<\/td>\n<\/tr>\n<tr>\n<td width=\"205\">Stiebritz, M.<\/td>\n<td width=\"205\">Leitung Fachschaft Technik, Verantwortlicher f\u00fcr IT<\/td>\n<td width=\"205\">Mathematik, Technik<\/td>\n<\/tr>\n<tr>\n<td width=\"205\">Vollrath, N.<\/td>\n<td width=\"205\">Leitung Fachschaft Sozialkunde<\/td>\n<td width=\"205\">Deutsch, Sozialkunde<\/td>\n<\/tr>\n<tr>\n<td width=\"205\">Xu, C.<\/td>\n<td width=\"205\"><\/td>\n<td width=\"205\">Englisch<\/td>\n<\/tr>\n<tr>\n<td width=\"205\"><\/td>\n<td width=\"205\"><\/td>\n<td width=\"205\"><\/td>\n<\/tr>\n<tr>\n<td width=\"205\"><\/td>\n<td width=\"205\"><\/td>\n<td width=\"205\"><\/td>\n<\/tr>\n<tr>\n<td width=\"205\"><\/td>\n<td width=\"205\"><\/td>\n<td width=\"205\"><\/td>\n<\/tr>\n<\/tbody>\n<\/table>\n<p>&nbsp;<\/p>\n<p>&nbsp;<\/p>\n<\/div>\n<div style=\"padding: 10px;\"><\/div>\n<p><!--more--><\/p>\n<p><strong>Weiteres Personal an unserer Schule:<\/strong><!--more--><\/p>\n<div style=\"padding: 10px;\">\n<table>\n<tbody>\n<tr>\n<td width=\"205\">Hoppe, M.<\/td>\n<td width=\"205\">Schulsozialarbeiterin<\/td>\n<\/tr>\n<tr>\n<td width=\"205\">Dressler, I.<\/td>\n<td width=\"205\">Beratungslehrkraft<\/td>\n<\/tr>\n<tr>\n<td width=\"205\">Ebbers, K.<\/td>\n<td width=\"205\">Sekret\u00e4rin<\/td>\n<\/tr>\n<tr>\n<td width=\"205\">Rauchbach, M.<\/td>\n<td width=\"205\">Hausmeister<\/td>\n<\/tr>\n<tr>\n<td width=\"205\">Reiche, J.<\/td>\n<td width=\"205\">p\u00e4dagogische Mitarbeiterin<\/td>\n<\/tr>\n<tr>\n<td width=\"205\">Haller, J.<\/td>\n<td width=\"205\">Schulverwaltungsassistentin<\/td>\n<\/tr>\n<\/tbody>\n<\/table>\n<\/div>\n","protected":false},"excerpt":{"rendered":"<p>Team der Schule Schulleiterin ist seit 2017 Wilma Apitz. Sie unterrichtet die F\u00e4cher Englisch und Sozialkunde. Frau Apitz arbeitet seit 1988 an der Sekundarschule<\/p>\n","protected":false},"author":1,"featured_media":0,"parent":0,"menu_order":0,"comment_status":"closed","ping_status":"closed","template":"","meta":{"footnotes":""},"class_list":["post-87","page","type-page","status-publish","hentry"],"_links":{"self":[{"href":"https:\/\/sks-badbibra.blk.de\/index.php?rest_route=\/wp\/v2\/pages\/87","targetHints":{"allow":["GET"]}}],"collection":[{"href":"https:\/\/sks-badbibra.blk.de\/index.php?rest_route=\/wp\/v2\/pages"}],"about":[{"href":"https:\/\/sks-badbibra.blk.de\/index.php?rest_route=\/wp\/v2\/types\/page"}],"author":[{"embeddable":true,"href":"https:\/\/sks-badbibra.blk.de\/index.php?rest_route=\/wp\/v2\/users\/1"}],"replies":[{"embeddable":true,"href":"https:\/\/sks-badbibra.blk.de\/index.php?rest_route=%2Fwp%2Fv2%2Fcomments&post=87"}],"version-history":[{"count":66,"href":"https:\/\/sks-badbibra.blk.de\/index.php?rest_route=\/wp\/v2\/pages\/87\/revisions"}],"predecessor-version":[{"id":1537,"href":"https:\/\/sks-badbibra.blk.de\/index.php?rest_route=\/wp\/v2\/pages\/87\/revisions\/1537"}],"wp:attachment":[{"href":"https:\/\/sks-badbibra.blk.de\/index.php?rest_route=%2Fwp%2Fv2%2Fmedia&parent=87"}],"curies":[{"name":"wp","href":"https:\/\/api.w.org\/{rel}","templated":true}]}}